)). Calculate the greatest common divisor of w and y.
11
Let f(a) = 6*a**3 - 5*a**2 + 2. Let v be f(4). Let m = v + -216. Suppose 30 = i + 5*g, -3*i = -4*i - 3*g + 22. What is the highest common factor of m and i?
10
Let k(b) = -b**3 - 8*b**2 - 7*b + 5. Let h be k(-7). Calculate the greatest common factor of h and 55.
5
Suppose 0*j - 4*j = -16. Suppose 3*t - 5*u - 29 = 0, -2*t + 0*u = -j*u - 22. Let p be (8/6 - 1)/(3/18). Calculate the highest common divisor of t and p.
1
Let w(n) = 4*n**3 + 8*n**2 + 5*n + 1. Let q(v) = -v**3 + v. Let t(p) = -3*q(p) - w(p). Let j be t(-7). What is the highest common factor of j and 2?
2
Let t be (2/(-4))/(1/(-10)). Let g be 2/t - 193/(-5). Let p = -35 - -61. Calculate the greatest common factor of p and g.
13
Let g(v) = 7*v - 5. Let a be g(6). Let d = a - 16. Suppose -2*u + 2 = -4. Calculate the greatest common factor of d and u.
3
Suppose -4 = -k, -4*a = -2*k + 3 - 11. Suppose 0 = -a*l - d - 3 - 3, 4*l + 4 = -2*d. Let t be l + 66 - (0 + 1). Calculate the highest common factor of 9 and t.
9
Let n = -129 + 123. Suppose 2*j + 7 = 55. Let x = n + j. Calculate the highest common divisor of x and 27.
9
Let l(c) = -4*c + 6. Suppose 6 = -2*p - 3*n + 6*n, 5*p + 34 = -2*n. Let w be l(p). What is the greatest common factor of 120 and w?
30
Let t(o) = -o**2 - 5*o - 5. Let v be t(-2). What is the highest common factor of 3 and v?
1
Let n be (2 + -3 + (-114 - -3))/(-1). What is the highest common factor of n and 16?
16
Let j(r) be the second derivative of r**3/3 + 4*r. Let d be j(3). Calculate the greatest common divisor of 6 and d.
6
Let i(k) be the first derivative of 5*k**4/4 - k - 4. Let r be i(1). What is the greatest common factor of r and 1?
1
Let m be 4/10 - (-186)/10. Suppose 48 + 32 = -5*n. Let q be n/(-6)*(-1083)/(-38). What is the highest common divisor of m and q?
19
Suppose 162 = 2*f - 2*c, 159 = 2*f + 2*c - 5*c. Calculate the highest common divisor of 21 and f.
21
Suppose -m = -1 - 2. Let u(v) = v**2 + 19*v + 46. Let y be u(-17). What is the greatest common factor of y and m?
3
Suppose 0 = -0*f + 4*f - 20. Suppose 0 = 4*y - f*y. Let h be (-147)/((-6)/2) + y. Calculate the highest common factor of h and 7.
7
Let j = -25 + 34. Let v be (-4)/(-1 + (1 - 2)). Suppose 8 = v*q + 2. Calculate the greatest common divisor of j and q.
3
Suppose 120 = 9*g - 4*g. What is the greatest common divisor of 216 and g?
24
Let b be (-1)/(((-15)/(-6))/(-5)). What is the highest common factor of 22 and b?
2
Let k(p) = -p**3 + 6*p**2 + 8*p - 8. Let y be ((-88)/12)/(6/9). Let t = y + 17. Let f be k(t). Calculate the greatest common divisor of 16 and f.
8
Let i be ((-5)/(-10) + 0)*36. What is the greatest common factor of i and 144?
18
Let k(c) = -c**2 - 3*c + 7. Let i be k(6). Let l = i + 69. Let j(y) = y**3 - 13*y**2 + y - 2. Let a be j(13). Calculate the greatest common factor of a and l.
11
Let n be 2/6 + (-276)/(-36). What is the greatest common factor of n and 56?
8
Suppose 150 = 11*o - 6*o. Suppose -4*n - 5*u - 23 + 61 = 0, 0 = -3*n + 3*u + 42. What is the highest common factor of o and n?
6
Let d(b) = 4*b**2 - 6*b + 2. Let i be d(6). Let r = 6 + -6. Suppose -g - 6 = 4*p, r = -g + 2*p + p + 22. What is the highest common divisor of i and g?
10
Suppose -74 + 23 = -3*o. Suppose 11 = v - k - 6, 0 = 4*v + 2*k - 68. Calculate the greatest common divisor of o and v.
17
Let p be (-3)/12 - (-14)/(-8). Let l be 3 - (-1 - p)/(-1). What is the greatest common factor of 32 and l?
4
Let y = 21 - 9. Suppose -2*n + 8 = -2*a, 2*n + 3*a = n + 16. Suppose 2*q - 2*p + n*p = 125, -235 = -4*q + 5*p. Calculate the highest common factor of y and q.
12
Let o be 2658/42 - 4/14. Let b be -2 - 2/2*-11. What is the greatest common divisor of o and b?
9
Let m = -63 + 378. Calculate the greatest common factor of 35 and m.
35
Let a(w) = w**3 - 9*w**2 + 8*w + 2. Let b be (3/2)/((-3)/(-16)). Let t be a(b). Suppose 0 = y - 3*y + t. What is the highest common factor of y and 1?
1
Let o be 14/6 + (-4)/12. Let z(p) = -3*p + o + 0*p + 2*p - 1. Let x be z(-1). What is the highest common factor of x and 5?
1
Let d be 40/3*18/15. What is the highest common divisor of d and 144?
16
Let l(c) = c + 10. Let v be l(-5). Suppose -6 = 2*w, v*w = -0*z + 4*z - 63. What is the highest common divisor of z and 60?
12
Suppose 0 = k - 4 - 12. Suppose 0*t + i = -5*t + 12, -4*t = 4*i - k. Suppose 4*g - 20 = 0, -4*w + t*w = g - 29. Calculate the greatest common factor of w and 4.
4
Suppose 4*k - 73 + 9 = 0. Suppose 7 - 1 = 3*b. Calculate the greatest common factor of b and k.
2
Suppose 4*j - 111 = -x, -6*j + 2*j = -5*x - 117. Calculate the greatest common divisor of 70 and j.
14
Suppose -856 = -5*j - 121. Suppose 157 = -3*c + 5*r - 76, 0 = 2*c - 5*r + j. Let p = -46 - c. Calculate the greatest common factor of p and 5.
5
Suppose 0*y = 5*y - 260. What is the greatest common divisor of 26 and y?
26
Let f(t) = -9*t - 25. Let b be f(-10). What is the highest common divisor of b and 26?
13
Let u(l) be the third derivative of l**5/20 - l**3/3 - l**2. Let c be u(-4). Suppose -c = -5*b + 9. Calculate the greatest common divisor of b and 121.
11
Let b = 2 + 20. What is the greatest common divisor of 2 and b?
2
Let f(p) = -p**2 - 7*p - 10. Let j be f(-7). Let o = j - -28. What is the greatest common factor of 27 and o?
9
Suppose -3*t - 4*j + 75 = 0, 0 = j - 3 - 0. Let m = 0 - -3. Suppose m*k + 0 = 9. Calculate the highest common factor of t and k.
3
Suppose 0*x = -2*x + 120. Suppose -a + 4 = 2*b - 0*a, -4*b - 4*a = -4. Suppose b*s = s + x. Calculate the highest common factor of 20 and s.
10
Let j be ((-14)/(-8))/((-1)/4). Let z be j/((-28)/(-12)) + 58. What is the greatest common divisor of z and 5?
5
Suppose a + 2*l = 6*l - 13, 0 = 3*a + 2*l - 17. Let f = a - 4. Let i(t) = 34*t**2 + t. Let b be i(f). Calculate the highest common divisor of b and 22.
11
Suppose 0*k = -k + 3*a + 69, 4*k - 242 = -5*a. Let f(h) = 12*h**3 - h**2 - 7*h**3 - h + 2*h**2. Let j be f(2). Calculate the highest common divisor of j and k.
21
Let g = -1946 - -2807. Suppose -5*m + g = -1149. Suppose -3*a + 2*u = -m, -4*a + 2*a + u = -269. Calculate the highest common divisor of 17 and a.
17
Let o(d) = -d**3 + 5*d**2 - 2. Let w be o(2). Let p(u) = 2*u**2 - u - 5. Let q be p(-5). Calculate the highest common divisor of w and q.
10
Let v = 98 - 63. Calculate the greatest common factor of 7 and v.
7
Suppose -3*j = -19 + 7. Suppose j*t = -12, -29 = -4*k + 5*t - 10. Calculate the highest common divisor of k and 2.
1
Suppose g - 8 = -q, -2*q + 32 = -2*g - 0*g. Calculate the greatest common factor of 36 and q.
12
Suppose 6*l + 20 = l. Let y(j) = j + 9. Let m be y(l). Calculate the greatest common factor of m and 5.
5
Suppose -4*f = 3*l - 144, -5*l + 2*f + 137 = -77. Calculate the greatest common divisor of l and 66.
22
Let a(p) = p**2 + 8*p + 16. Let b be a(-6). Calculate the highest common divisor of 16 and b.
4
Let q be (-3)/2 - (-21)/6. Suppose 4 = 3*h - q*h. Suppose h*g = -2*z + 16, 9 = 2*g - 4*z + 1. Calculate the highest common divisor of 36 and g.
4
Let s(b) = 6*b**3 - b**2. Let g be -1*(2 + (-3)/1). Let t be s(g). Suppose t*j - 69 = -5*a + a, -a + 17 = j. What is the greatest common factor of 80 and a?
16
Suppose -4*z - 9 + 49 = 0. What is the greatest common factor of z and 15?
5
Let x = -59 - -109. What is the greatest common factor of 10 and x?
10
Suppose 9*a = 66 + 69. Calculate the greatest common divisor of 105 and a.
15
Suppose n = 3*z - 38, -4*n = -5*z + 90 - 15. What is the highest common factor of 22 and z?
11
Let u(p) = 4*p**2 + 6*p - 5. Let g be u(-5). Let v(n) = -12*n + 1. Suppose -4 = -3*q + 7*q. Let k be v(q). Calculate the greatest common factor of k and g.
13
Suppose -8*d + 4 = -4. Calculate the greatest common factor of d and 3.
1
Let g(c) = 72*c + 3. Let s be g(2). What is the highest common factor of s and 49?
49
Let f = 13 + 19. Let r(w) = 7*w**2 + w + 2. Let i be r(-1). What is the highest common divisor of i and f?
8
Let l(w) be the second derivative of w**3/3 + 3*w**2/2 + w. Let i be l(9). Calculate the highest common divisor of 84 and i.
21
Let l = 22 + -15. Let u(f) = f**2 - 4*f - 18. Let c be u(8). Calculate the greatest common factor of c and l.
7
Suppose 0 = -5*l + 4*r + 432, 3*l - 3*r - 33